 2*g - 18 = 16. Let o(d) = -d. Let i be o(-3). Suppose 4*t + 5*h - g = 0, 5*h + 1 = i*t - 3. List the prime factors of t.
3
Suppose -2 + 6 = 2*t. Let m be -2*t/4*-2. Suppose 9 + 9 = m*r. List the prime factors of r.
3
Let t(d) = 2*d**2 + d - 14. What are the prime factors of t(-7)?
7, 11
Suppose 0 = -4*q + 2*c - 46, 3*q + 3*c - 6 = 2*q. Let h = -4 + 1. List the prime factors of 2 + 6/q*h.
2
Suppose 0 = 6*k - k. Let b = 33 - 31. Suppose 3*p + v - 35 = k, b*v - 22 = -5*p + 3*p. List the prime factors of p.
2, 3
Let a = -14 - -69. What are the prime factors of a?
5, 11
Suppose -s + 7 = -3. Suppose -2*t + 4*y + s = 0, t = -0*t - 2*y + 9. What are the prime factors of t?
7
Suppose y + 6*y = 455. What are the prime factors of y?
5, 13
List the prime factors of 1*(23/1 + -2).
3, 7
Let l be (-2)/(-4) - 23/(-2). Suppose 3*x = -x - l. Let a(k) = k**3 + 3*k**2 + 2. List the prime factors of a(x).
2
Let s = -25 + 42. What are the prime factors of s?
17
Let c(k) = k**2 - 5*k - 4. Let s be c(5). Let f = s + 2. What are the prime factors of (-5)/(-2)*f/(-1)?
5
Let j(h) = -h**3 + h**2 - h + 11. Let w = -8 + 8. List the prime factors of j(w).
11
Let t(a) = a**3 - 6*a**2 + 6*a. Let l be t(5). Let p = -2 + l. What are the prime factors of p?
3
Suppose -3*i + 1124 = 221. What are the prime factors of i?
7, 43
Let y(b) = -2*b**3 + 8*b**2 + b - 3. Let x be y(6). List the prime factors of x/(-15) - 2/5.
3
Let v = 92 - -60. What are the prime factors of v?
2, 19
Suppose -h = 2*x - 296, -3 = 4*x + 9. List the prime factors of h.
2, 151
Suppose b - 6 = -b. What are the prime factors of 14 - (b + -1 + 0)?
2, 3
Let k(l) = l**2 - 7*l + 10. List the prime factors of k(8).
2, 3
Let g = -8 + 8. Let r(k) = -k**2 + k + 16. List the prime factors of r(g).
2
Let j(t) = -3 - 7*t + 13*t + 1 - t**2. Let q = 10 - 6. What are the prime factors of j(q)?
2, 3
Suppose 0 = 5*c + 5, 4*t + c - 6*c = 25. Suppose -y + 69 = 4*h, -6*h = -4*h + t*y - 21. What are the prime factors of h?
2, 3
Let v(w) = w**2 - 5*w - 6. List the prime factors of v(-11).
2, 5, 17
List the prime factors of 1/((-2)/(-94)) + 3.
2, 5
Let w be (-3 - (-3 + 2))*-2. Suppose -55 = -5*p - 3*m, -w*p + 25 = -m - 2. What are the prime factors of p?
2
Suppose 22*x - 29*x = -518. List the prime factors of x.
2, 37
Let q(y) = -y - 6. Let a be q(9). What are the prime factors of (-501)/a + 6/(-15)?
3, 11
Suppose 0 = -2*g + 7*g - 10. Suppose 7*v - 3*v = -x + 32, 3*v - 49 = -g*x. What are the prime factors of x?
2, 5
List the prime factors of (-3)/((10/(-30))/(10/2)).
3, 5
Suppose 4*d - 8 = 4. Suppose d*m - 2*s + 5 = 4*m, s = -5*m + 16. List the prime factors of m.
3
Suppose -8*v + 752 = -4*v - 4*k, 2*k = 0. List the prime factors of v.
2, 47
Suppose 9 = 4*l - 7. Let c(x) = -2*x**2 + 13*x - 11. Let k(z) = 6*z**2 - 38*z + 32. Let d(p) = 17*c(p) + 6*k(p). List the prime factors of d(l).
3
Let p(u) = -u**3 - 6*u**2 - 3*u + 1. What are the prime factors of p(-6)?
19
Let a(x) = x**2 - x - 2. Let l be a(-2). Suppose 2*d = d + i + 2, 3*d - l*i - 2 = 0. What are the prime factors of d?
2, 3
Suppose 8*x - 190 = 6*x. What are the prime factors of x?
5, 19
Suppose 52 = 2*v + 8. What are the prime factors of v?
2, 11
Let h(s) = 2 - 2*s + s + 2. List the prime factors of h(-5).
3
Let x = 52 + 35. List the prime factors of x.
3, 29
Let m = -16 - -54. Let q be 3*m*3/18. Let l = q + -5. What are the prime factors of l?
2, 7
Let z be 2/(-3) + (-2)/6. Let f be (-3 - -1)*2*z. Suppose -7 - 1 = -f*q. What are the prime factors of q?
2
Let z(j) = -j**2 - 3*j - 3. Let s be z(-2). Let t = 1 + s. Suppose 2*a - a - 8 = t. List the prime factors of a.
2
Suppose 10*y - 693 = 737. What are the prime factors of y?
11, 13
Let j = 186 + -51. What are the prime factors of j?
3, 5
Suppose 0 = -3*q + q + 6. Let x(d) = -3*d. Let h be x(q). Let p = h - -27. What are the prime factors of p?
2, 3
Suppose 4*f + 3 = -5*i, -2*i - 3 - 12 = -3*f. List the prime factors of (f/2)/(15/40).
2
Suppose d + 5*b = -32, d + 68 = -4*d - 2*b. What are the prime factors of -1 + 3*(-20)/d?
2
Let i(c) be the third derivative of c**4/24 + 13*c**3/6 + 3*c**2. List the prime factors of i(0).
13
Let i be -3 + 2/1 - -1. Suppose y - 4*y + 57 = i. What are the prime factors of y?
19
Let h(q) = -8*q - 2*q - 3 - q + q + 7*q**2 + q**3. What are the prime factors of h(-8)?
13
Let x(p) = 4*p**2 + p - 1. Let j(i) = -i**3 + 4*i**2 + 6*i - 7. Let a be j(5). What are the prime factors of x(a)?
13
Suppose 15*x = 11*x. Suppose -4*y - k + 10 = -2*k, 10 = 3*y - 2*k. Suppose x*o + y*o - 2*h - 28 = 0, 5*h = -4*o + 47. List the prime factors of o.
13
Let z be 4 + -7 - (-1 - 28). Let m = -8 + z. List the prime factors of m.
2, 3
Let n be (4/8)/((-2)/4). Let w be 10/(-2)*(-1)/n. List the prime factors of (-4)/10 + (-57)/w.
11
Suppose -3*a = j - 11, -2*a + 1 + 3 = 0. Let k(l) = -l**2 - 14*l + 11. Let u be k(-14). Let z = u - j. What are the prime factors of z?
2, 3
Let i be -5 - 2*3/(-2). Let h = 38 + i. What are the prime factors of h?
2, 3
Let f(q) = -q - 4. Let n(h) = 3*h + 17. Let i(v) = -9*f(v) - 2*n(v). Let s be i(-2). List the prime factors of 144/10 - s/(-10).
2, 7
Suppose 3*w + w = -3*t + 1121, -543 = -2*w - 5*t. List the prime factors of w.
2, 71
Let c = -1 + 1. Suppose 2*z + c = 4. Suppose 2*u - z*a - 30 = 0, u + 5*a = -u - 5. What are the prime factors of u?
2, 5
Suppose -d + 4*h = -36, 14 = 5*d + 4*h - 46. List the prime factors of d.
2
Let w = -18 + 27. Let c(j) = 5*j - 12. List the prime factors of c(w).
3, 11
Let a = -64 + 92. List the prime factors of a.
2, 7
Let c(p) = 2*p**2 - 4. List the prime factors of c(7).
2, 47
Suppose l = 4*n + 17, 2*n + 5*l + 3 = -0. Let q be n*6/(-28)*14. Suppose -q = -5*y - 4*r, 3*r + 18 = 2*y + y. What are the prime factors of y?
2
Let k be 10 - (0 + (2 - 0)). Let b(v) = 2*v - 11. Let z be b(k). List the prime factors of z*(12/15 + 0).
2
Let m = 3 - -3. Let d(s) = 34*s**2 - 69*s**2 + 37*s**2 + 8 - 10*s. List the prime factors of d(m).
2, 5
Let o(m) = -1 - 1 - m**2 + 6 + 4*m. Let u be o(5). List the prime factors of u*(-1 - (2 - -2)).
5
Let k = -15 + 54. What are the prime factors of k?
3, 13
Let m(i) = 2*i - 8. Let k be m(7). Let o be (-64)/3*k/(-4). Suppose -4*w = 16, o = 5*y - 4*w + w. List the prime factors of y.
2
Let o = -1 - -2. Let g = 4 - o. What are the prime factors of g?
3
Let l(n) = -n**3 + 10*n**2 - 7*n + 3. What are the prime factors of l(8)?
3, 5
Let d(t) = -2*t**3 + 1. Let l be d(-1). Suppose a = l*k - 3, 3*k = 2*a - 3*a + 9. What are the prime factors of k?
2
Let d be (-6)/4*(-8)/6. List the prime factors of d*1*(-5)/(-2).
5
Suppose 0 = -3*h - z + 489, 0*z = -4*h - z + 653. List the prime factors of h.
2, 41
Suppose 3*k = k + 32. What are the prime factors of k?
2
Let m be 6/(-9) + 8/12. Suppose -2 = -2*b + 2*d, -4*b + b + d + 13 = m. List the prime factors of b.
2, 3
Let g(s) = s**3 + 5*s**2 + 5*s + 2. Let c be (1 - 1/(-2))*-2. Let u be g(c). Let r = 6 + u. List the prime factors of r.
11
Let b = 14 - 9. Suppose -i + 1 = 2*z + 4*i, -4*z + 17 = b*i. What are the prime factors of z?
2
Let g = 0 + 0. Let m be -4*(0 + (-1 - g)). List the prime factors of (-16)/(-7) + m/(-14).
2
Let g be (-24)/(-5) + (-1)/(-5). Suppose g*k + 29 = 3*n, 18 = -2*n + 4*n - 2*k. List the prime factors of n.
2
Suppose -3*d + 63 = 3*r + 2*d, -3*d = -9. Let o = -10 + r. What are the prime factors of o?
2, 3
Suppose -272 = -5*n + n. Let w = 99 - n. What are the prime factors of w?
31
Suppose u - 4 = -u. Suppose -15 = 5*j, -f - 2*j = -u*f + 33. List the prime factors of f.
3
Let c = -6 - -6. Suppose w + c*w = 19. List the prime factors of w.
19
Let f be (-3)/(-12) - (-1)/(-4). Suppose -q + 9 = 2*b - f*b, q + 5 = 5*b. Suppose 0*y = -q*h + 2*y + 40, -2*h = -5*y + 5. What are the prime factors of h?
2, 5
Let d be 1 + (-4)/4*1. Suppose d*y = -y + 4. What are the prime factors of y?
2
Suppose -3*y = 15, 3*d = 7*d + 3*y - 141. What are the prime factors of d?
3, 13
Suppose 0*b - 504 = -6*b. What are the prime factors of b?
2, 3, 7
Let k(q) = q**3 - 9*q**2 - 3*q - 12. What are the prime factors of k(10)?
2, 29
Let p(n) = -n**3 + 4*n**2 + n + 3. Let d be p(4). Let m = 9 - d. List the prime factors of m.
2
Suppose 5*l + 2 + 2 = d, 3*l + 22 = 2*d. What are the prime factors of d?
2, 7
Su